{"id":709,"date":"2021-12-17T14:31:58","date_gmt":"2021-12-17T13:31:58","guid":{"rendered":"http:\/\/neueweb.fragensteller.com\/?page_id=709"},"modified":"2022-01-21T09:12:40","modified_gmt":"2022-01-21T08:12:40","slug":"quem-sou","status":"publish","type":"page","link":"https:\/\/fragensteller.com\/?page_id=709&lang=pt","title":{"rendered":"Quem sou?"},"content":{"rendered":"\n<h4 class=\"wp-block-heading\">\u00abEu sou eu e as minhas circunst\u00e2ncias\u00bb<br>Ortega y Gasset<\/h4>\n\n\n\n<p><\/p>\n\n\n\n<figure class=\"wp-block-embed is-type-video is-provider-youtube wp-block-embed-youtube wp-embed-aspect-4-3 wp-has-aspect-ratio\"><div class=\"wp-block-embed__wrapper\">\n<iframe loading=\"lazy\" hcb-fetch-image-from=\"https:\/\/youtu.be\/nnDlJaJIvss\" title=\"SFCP  just another story\" width=\"940\" height=\"705\" src=\"https:\/\/www.youtube.com\/embed\/nnDlJaJIvss?feature=oembed\" frameborder=\"0\" allow=\"accelerometer; autoplay; clipboard-write; encrypted-media; gyroscope; picture-in-picture\" allowfullscreen><\/iframe>\n<\/div><\/figure>\n\n\n\n<p>Chamo-me Vander e nasci em uma cidadezinha pequena do sudeste brasileiro chamada <a href=\"https:\/\/www.google.com\/maps\/place\/Piquete+-+SP,+12620-000,+Brasil\/@-22.5781869,-45.2519022,12z\/data=!3m1!4b1!4m5!3m4!1s0x94ccba25567987bd:0x92b702e677e1cb47!8m2!3d-22.601206!4d-45.168166\">Piquete<\/a>, no estado de S\u00e3o Paulo, divisa com o estado de Minas Gerais, no seio de uma fam\u00edlia simples e corrente. Da Silva.<\/p>\n\n\n\n<p>Minha \u00e2nsia por aprender e descobrir me trouxe at\u00e9 aqui, Berna, Su\u00ed\u00e7a, passando por est\u00e2ncias mais ou menos longas em outros lugares fant\u00e1sticos, onde tive a sorte de descobrir culturas e pessoas muito especiais. Pode-se resumir o percurso principalmente nestas 3 cidades: S\u00e3o Paulo, Munique e Barcelona.<\/p>\n\n\n\n<p>&#8222;Eu sou eu e as minhas circunst\u00e2ncias&#8220;, Ortega y Gasset: essa express\u00e3o bem conhecida condensa uma id\u00e9ia fundamental para mim que me explica at\u00e9 que ponto n\u00e3o posso separar o que eu sou hoje dos lugares por onde fui passando e evidentemente onde me encontro atualmente, e todas as suas circunst\u00e2ncias.<\/p>\n\n\n\n<p>Sou trabalho como arquiteto em Fribourg, Su\u00ed\u00e7a. Estudei filosofia em Barcelona de 2009 a 2012, infelizmente n\u00e3o me graduei. Participo regularmente em di\u00e1logos socr\u00e1ticos desde 2010 e desde 2013 como facilitador.<\/p>\n\n\n\n<p>Este blog \u00e9 sobre quest\u00f5es filos\u00f3ficas, di\u00e1logo socr\u00e1tico, pensamento cr\u00edtico e muito mais. \u00c0s vezes at\u00e9 mesmo sobre arquitectura.<\/p>\n\n\n\n<p>\u00c9 o mais importante \u00e9 evitar o t\u00e9dio!<\/p>\n\n\n\n<p>Contribui\u00e7\u00f5es e perguntas s\u00e3o bem-vindas! Mas s\u00f3 as boas!<\/p>\n\n\n\n<p>Tenho m\u00faltiplos interesses e infelizmente pouco tempo dispon\u00edvel para vivenciar todos com igual intensidade. Fa\u00e7o o que posso.<\/p>\n\n\n\n<p>Mais alguma pergunta?<\/p>\n\n\n\n<p>+info: <a href=\"https:\/\/www.linkedin.com\/in\/vanderlemes\/\">Linkedin<\/a> <a href=\"https:\/\/www.instagram.com\/vanderlemes\/\">Instagramm<\/a>&nbsp;<a href=\"https:\/\/twitter.com\/vanderlemes\">Twitter<\/a> <a href=\"https:\/\/www.youtube.com\/user\/vanderlemes\/videos?view_as=subscriber\">Youtube<\/a><\/p>\n","protected":false},"excerpt":{"rendered":"<p>\u00abEu sou eu e as minhas circunst\u00e2ncias\u00bbOrtega y Gasset Chamo-me Vander e nasci em uma cidadezinha pequena do [&hellip;]<\/p>\n","protected":false},"author":3,"featured_media":0,"parent":0,"menu_order":9,"comment_status":"closed","ping_status":"open","template":"","meta":{"footnotes":""},"class_list":["post-709","page","type-page","status-publish","hentry"],"_links":{"self":[{"href":"https:\/\/fragensteller.com\/index.php?rest_route=\/wp\/v2\/pages\/709","targetHints":{"allow":["GET"]}}],"collection":[{"href":"https:\/\/fragensteller.com\/index.php?rest_route=\/wp\/v2\/pages"}],"about":[{"href":"https:\/\/fragensteller.com\/index.php?rest_route=\/wp\/v2\/types\/page"}],"author":[{"embeddable":true,"href":"https:\/\/fragensteller.com\/index.php?rest_route=\/wp\/v2\/users\/3"}],"replies":[{"embeddable":true,"href":"https:\/\/fragensteller.com\/index.php?rest_route=%2Fwp%2Fv2%2Fcomments&post=709"}],"version-history":[{"count":2,"href":"https:\/\/fragensteller.com\/index.php?rest_route=\/wp\/v2\/pages\/709\/revisions"}],"predecessor-version":[{"id":1002,"href":"https:\/\/fragensteller.com\/index.php?rest_route=\/wp\/v2\/pages\/709\/revisions\/1002"}],"wp:attachment":[{"href":"https:\/\/fragensteller.com\/index.php?rest_route=%2Fwp%2Fv2%2Fmedia&parent=709"}],"curies":[{"name":"wp","href":"https:\/\/api.w.org\/{rel}","templated":true}]}}