{"id":720,"date":"2021-12-17T14:40:22","date_gmt":"2021-12-17T13:40:22","guid":{"rendered":"http:\/\/neueweb.fragensteller.com\/?page_id=720"},"modified":"2021-12-17T14:40:23","modified_gmt":"2021-12-17T13:40:23","slug":"o-que","status":"publish","type":"page","link":"https:\/\/fragensteller.com\/?page_id=720&lang=pt","title":{"rendered":"O qu\u00ea?"},"content":{"rendered":"\n<p>Eu sou o Vander e bl\u00e1 bl\u00e1 bl\u00e1 bl\u00e1<\/p>\n","protected":false},"excerpt":{"rendered":"<p>Eu sou o Vander e bl\u00e1 bl\u00e1 bl\u00e1 bl\u00e1<\/p>\n","protected":false},"author":3,"featured_media":0,"parent":0,"menu_order":4,"comment_status":"closed","ping_status":"open","template":"","meta":{"footnotes":""},"class_list":["post-720","page","type-page","status-publish","hentry"],"_links":{"self":[{"href":"https:\/\/fragensteller.com\/index.php?rest_route=\/wp\/v2\/pages\/720","targetHints":{"allow":["GET"]}}],"collection":[{"href":"https:\/\/fragensteller.com\/index.php?rest_route=\/wp\/v2\/pages"}],"about":[{"href":"https:\/\/fragensteller.com\/index.php?rest_route=\/wp\/v2\/types\/page"}],"author":[{"embeddable":true,"href":"https:\/\/fragensteller.com\/index.php?rest_route=\/wp\/v2\/users\/3"}],"replies":[{"embeddable":true,"href":"https:\/\/fragensteller.com\/index.php?rest_route=%2Fwp%2Fv2%2Fcomments&post=720"}],"version-history":[{"count":1,"href":"https:\/\/fragensteller.com\/index.php?rest_route=\/wp\/v2\/pages\/720\/revisions"}],"predecessor-version":[{"id":723,"href":"https:\/\/fragensteller.com\/index.php?rest_route=\/wp\/v2\/pages\/720\/revisions\/723"}],"wp:attachment":[{"href":"https:\/\/fragensteller.com\/index.php?rest_route=%2Fwp%2Fv2%2Fmedia&parent=720"}],"curies":[{"name":"wp","href":"https:\/\/api.w.org\/{rel}","templated":true}]}}